{"id":8598,"date":"2023-03-28T09:45:37","date_gmt":"2023-03-28T07:45:37","guid":{"rendered":"https:\/\/osobdravinji.splet.arnes.si\/?page_id=8598"},"modified":"2025-08-29T13:17:05","modified_gmt":"2025-08-29T11:17:05","slug":"zaposleni-in-e-posta","status":"publish","type":"page","link":"https:\/\/obdravinji.si\/?page_id=8598","title":{"rendered":"Zaposleni in e-po\u0161ta"},"content":{"rendered":"\n<figure class=\"wp-block-table is-style-stripes\"><table><tbody><tr><td><strong>PRIIMEK<\/strong><\/td><td><strong>IME<\/strong><\/td><td><strong>ELEKTRONSKI NASLOV<\/strong><\/td><\/tr><tr><td>BRDNIK<\/td><td>NEVENKA<\/td><td>nevenka.brdnik@obdravinji.si<\/td><\/tr><tr><td>BRDNIK TEMPLAK<\/td><td>TANJA<\/td><td>tanja.brdnik-templak@obdravinji.si<\/td><\/tr><tr><td>BURI\u010c<\/td><td>TINA<\/td><td>tina.buric@obdravinji.si<\/td><\/tr><tr><td>TRUNKL<\/td><td>MATEJA<\/td><td>mateja.trunkl@obdravinji.si<\/td><\/tr><tr><td>JEGRI\u0160NIK<\/td><td>TAMARA<\/td><td>tamara.jegrisnik@obdravinji.si<\/td><\/tr><tr><td>KOV\u0160E BREZNIK<\/td><td>SUZANA<\/td><td>suzana.kovse@obdravinji.si<\/td><\/tr><tr><td>LEVART<\/td><td>ANTONIJA<\/td><td>tonija.levart@obdravinji.si<\/td><\/tr><tr><td>PARADI\u017dNIK<\/td><td>PETRA<\/td><td>petra.paradiznik@obdravinji.si\u00a0\u00a0<\/td><\/tr><tr><td>PAVLOVI\u0106<\/td><td>IGOR<\/td><td>igor.pavlovic@obdravinji.si\u00a0<\/td><\/tr><tr><td>RAMOT<\/td><td>ANJA<\/td><td>anja.ramot@obdravinji.si\u00a0<\/td><\/tr><tr><td>LIKAVEC<\/td><td>LINA<\/td><td>lina.likavec@obdravinji.si<\/td><\/tr><tr><td>VODOVNIK<\/td><td>JASMINA<\/td><td>jasmina.vodovnik@obdravinji.si<\/td><\/tr><tr><td>KOLARI\u010c<\/td><td>UR\u0160KA<\/td><td>urska.kolaric@obdravinji.si<\/td><\/tr><tr><td>DOLENC<\/td><td>ANITA<\/td><td>anita.dolenc@obdravinji.si<\/td><\/tr><tr><td>MACUH REBERNAK<\/td><td>TEJA <\/td><td>teja.macuh-rebernak@obdravinji.si<\/td><\/tr><\/tbody><\/table><\/figure>\n\n\n\n<p><\/p>\n","protected":false},"excerpt":{"rendered":"<p>PRIIMEK IME ELEKTRONSKI NASLOV BRDNIK NEVENKA nevenka.brdnik@obdravinji.si BRDNIK TEMPLAK TANJA tanja.brdnik-templak@obdravinji.si BURI\u010c TINA tina.buric@obdravinji.si TRUNKL MATEJA mateja.trunkl@obdravinji.si JEGRI\u0160NIK TAMARA tamara.jegrisnik@obdravinji.si KOV\u0160E BREZNIK SUZANA suzana.kovse@obdravinji.si LEVART ANTONIJA tonija.levart@obdravinji.si PARADI\u017dNIK PETRA petra.paradiznik@obdravinji.si\u00a0\u00a0 PAVLOVI\u0106 IGOR igor.pavlovic@obdravinji.si\u00a0 RAMOT ANJA anja.ramot@obdravinji.si\u00a0 LIKAVEC LINA lina.likavec@obdravinji.si VODOVNIK JASMINA jasmina.vodovnik@obdravinji.si KOLARI\u010c UR\u0160KA urska.kolaric@obdravinji.si DOLENC ANITA anita.dolenc@obdravinji.si MACUH REBERNAK TEJA teja.macuh-rebernak@obdravinji.si<\/p>\n","protected":false},"author":35617,"featured_media":0,"parent":0,"menu_order":0,"comment_status":"closed","ping_status":"closed","template":"","meta":{"footnotes":""},"class_list":["post-8598","page","type-page","status-publish","hentry"],"_links":{"self":[{"href":"https:\/\/obdravinji.si\/index.php?rest_route=\/wp\/v2\/pages\/8598","targetHints":{"allow":["GET"]}}],"collection":[{"href":"https:\/\/obdravinji.si\/index.php?rest_route=\/wp\/v2\/pages"}],"about":[{"href":"https:\/\/obdravinji.si\/index.php?rest_route=\/wp\/v2\/types\/page"}],"author":[{"embeddable":true,"href":"https:\/\/obdravinji.si\/index.php?rest_route=\/wp\/v2\/users\/35617"}],"replies":[{"embeddable":true,"href":"https:\/\/obdravinji.si\/index.php?rest_route=%2Fwp%2Fv2%2Fcomments&post=8598"}],"version-history":[{"count":9,"href":"https:\/\/obdravinji.si\/index.php?rest_route=\/wp\/v2\/pages\/8598\/revisions"}],"predecessor-version":[{"id":13973,"href":"https:\/\/obdravinji.si\/index.php?rest_route=\/wp\/v2\/pages\/8598\/revisions\/13973"}],"wp:attachment":[{"href":"https:\/\/obdravinji.si\/index.php?rest_route=%2Fwp%2Fv2%2Fmedia&parent=8598"}],"curies":[{"name":"wp","href":"https:\/\/api.w.org\/{rel}","templated":true}]}}