{"id":4445,"date":"2020-05-15T15:43:29","date_gmt":"2020-05-15T13:43:29","guid":{"rendered":"http:\/\/osobdravinji.splet.arnes.si\/?page_id=4445"},"modified":"2020-05-19T20:49:06","modified_gmt":"2020-05-19T18:49:06","slug":"pogum","status":"publish","type":"page","link":"https:\/\/obdravinji.si\/?page_id=4445","title":{"rendered":"POGUM"},"content":{"rendered":"<p><span style=\"color: #ff0000\"><strong>POGUM (PO-djetnost, Gradnik za-Upanja Mladih)<\/strong><\/span><\/p>\n<p><strong>\u00a0<\/strong><\/p>\n<table border=\"1\" width=\"0\">\n<tbody>\n<tr>\n<td width=\"220\"><strong>Tip projekta<\/strong><\/td>\n<td width=\"341\">Dr\u017eavni projekt<\/td>\n<\/tr>\n<tr>\n<td width=\"220\"><strong>Institucija<\/strong><\/td>\n<td width=\"341\">Osnovna \u0161ola Ob Dravinji Slovenske Konjice<\/td>\n<\/tr>\n<tr>\n<td width=\"220\"><strong>Sodelujo\u010di<\/strong><\/td>\n<td width=\"341\">Ministrstvo za izobra\u017eevanje, znanost in \u0161port, Zavod Republike Slovenije za \u0161olstvo, 30 razvojnih \u0161ol in 90 implementacijskih \u0161ol v Sloveniji, Univerzi v Ljubljani in na Primorskem, \u0160ola za ravnatelje, Institut Jozef Stefan, Center arhitekture Slovenije, \u2026<\/td>\n<\/tr>\n<tr>\n<td width=\"220\"><strong>Implementacijski tim<\/strong><\/td>\n<td width=\"341\">\n<p>Ravnateljica, ga. Nevenka Brdnik<\/p>\n<p>Vodja: ga. Valentina Volav\u0161ek<\/p>\n<p>\u010clani: ga. Suzana Kov\u0161e, ga. Jerneja Menzinger in g. Mihael Stampfer<\/td>\n<\/tr>\n<tr>\n<td width=\"220\"><\/td>\n<td width=\"341\"><\/td>\n<\/tr>\n<tr>\n<td width=\"220\"><strong>Razred<\/strong><\/td>\n<td width=\"341\">Sodeluje \u010dim ve\u010d u\u010dencev in u\u010diteljev<\/td>\n<\/tr>\n<tr>\n<td width=\"220\"><strong>Predmet<\/strong><\/td>\n<td width=\"341\">Povezovanje vseh predmetov<\/td>\n<\/tr>\n<tr>\n<td width=\"220\"><strong>Datum pri\u010detka izvajanja<\/strong><\/td>\n<td width=\"341\">2017\u20132022<\/td>\n<\/tr>\n<\/tbody>\n<\/table>\n<p>&nbsp;<\/p>\n<p>V projektu POGUM, ki pomeni \u00bbKrepitev kompetence podjetnosti in spodbujanje pro\u017enega prehajanja med izobra\u017eevanjem in okoljem v osnovnih \u0161olah\u00ab, bomo spodbujali na\u010din razmi\u0161ljanja in razumevanja podjetnosti v osnovnih \u0161olah kot zmo\u017enost razvijanja ustvarjalnosti, inovativnosti in proaktivnosti posameznika in skupin.<\/p>\n<p>\u0160olski implementacijski tim si bo prizadeval za uresni\u010ditev klju\u010dnih ciljev projekta:<\/p>\n<ul>\n<li>razvoj, preizku\u0161anje, implementacija, spremljanje in evalviranje celovitega modela podjetnosti v osnovni \u0161oli in odprtega ter pro\u017enega prehajanja med osnovno \u0161olo in okoljem;<\/li>\n<li>opolnomo\u010denje \u0161olajo\u010dih (u\u010dencev v osnovni \u0161oli) in strokovnih delavcev (u\u010diteljev, svetovalnih delavcev, drugih strokovnih delavcev, vodstvenih delavcev in ravnateljev v O\u0160) s kompetenco podjetnosti.<\/li>\n<\/ul>\n<p>V projektu si prizadevamo za razumevanje kompetence podjetnosti (EntreComp), in sicer na treh ravneh:<\/p>\n<ol>\n<li>ZAMISLI IN PRILO\u017dNOSTI<\/li>\n<li>VIRI<\/li>\n<li>K DEJANJEM<\/li>\n<\/ol>\n<p>Razvojni model vklju\u010duje razvoj novih pedago\u0161kih strategij in oblik dela, v okviru katerih strokovni delavci izvajajo dejavnosti, ki prispevajo k razvoju klju\u010dnih kompetenc. \u0160olajo\u010dim \u017eelimo omogo\u010diti na\u010din razmi\u0161ljanja, da bodo delovali proaktivno in samoiniciativno, z namenom prenosa znanja in zmo\u017enosti \u0161olskega okolja navzven. To pa bi naj prispevalo k uspe\u0161nemu oblikovanju karierne orientacije. Bistveno je pridobivanje izku\u0161enj za ve\u010danje mo\u017enosti zaposljivosti, za razvoj podjetnosti in ustvarjalnosti, uresni\u010devanje konkretnih projektov. Ve\u0161\u010dine podjetnosti so v pomo\u010d posameznikom na vseh \u017eivljenjskih ravneh (vsakdanje \u017eivljenje, dru\u017eba, delovno mesto, \u2026). Samoiniciativnost in podjetnost sta izjemno pomembni za uresni\u010devanje posameznikovih zamisli. Ob tem pa je potrebno tudi razvijati ustvarjalnost, inovativnost, sprejemanje tveganj, sposobnost na\u010drtovanja in vodenja projektov za doseganje ciljev. Vse to pa je mo\u017eno tudi ob hkratni zavesti o eti\u010dnih vrednotah in spodbujanju dobrega upravljanja.<\/p>\n<p><strong>Evropski kompeten\u010dni okvir podjetnosti v izobra\u017eevanju<\/strong><\/p>\n<p><img loading=\"lazy\" decoding=\"async\" class=\"alignleft size-full wp-image-4471\" src=\"http:\/\/osobdravinji.splet.arnes.si\/files\/2020\/05\/pogum.png\" alt=\"\" width=\"796\" height=\"768\" srcset=\"https:\/\/obdravinji.si\/files\/2020\/05\/pogum.png 796w, https:\/\/obdravinji.si\/files\/2020\/05\/pogum-300x289.png 300w, https:\/\/obdravinji.si\/files\/2020\/05\/pogum-768x741.png 768w, https:\/\/obdravinji.si\/files\/2020\/05\/pogum-57x55.png 57w, https:\/\/obdravinji.si\/files\/2020\/05\/pogum-624x602.png 624w\" sizes=\"auto, (max-width: 796px) 100vw, 796px\" \/><\/p>\n","protected":false},"excerpt":{"rendered":"<p>POGUM (PO-djetnost, Gradnik za-Upanja Mladih) \u00a0 Tip projekta Dr\u017eavni projekt Institucija Osnovna \u0161ola Ob Dravinji Slovenske Konjice Sodelujo\u010di Ministrstvo za izobra\u017eevanje, znanost in \u0161port, Zavod Republike Slovenije za \u0161olstvo, 30 razvojnih \u0161ol in 90 implementacijskih \u0161ol v Sloveniji, Univerzi v Ljubljani in na Primorskem, \u0160ola za ravnatelje, Institut Jozef Stefan, Center arhitekture Slovenije, \u2026 Implementacijski tim Ravnateljica, ga. Nevenka Brdnik Vodja: ga. Valentina Volav\u0161ek \u010clani: ga. Suzana Kov\u0161e, ga. Jerneja Menzinger in g. Mihael Stampfer Razred Sodeluje \u010dim ve\u010d u\u010dencev in u\u010diteljev Predmet Povezovanje vseh predmetov Datum pri\u010detka izvajanja 2017\u20132022 &nbsp; V projektu POGUM, ki pomeni \u00bbKrepitev kompetence podjetnosti in [&hellip;]<\/p>\n","protected":false},"author":36039,"featured_media":0,"parent":0,"menu_order":0,"comment_status":"closed","ping_status":"closed","template":"","meta":{"footnotes":""},"class_list":["post-4445","page","type-page","status-publish","hentry"],"_links":{"self":[{"href":"https:\/\/obdravinji.si\/index.php?rest_route=\/wp\/v2\/pages\/4445","targetHints":{"allow":["GET"]}}],"collection":[{"href":"https:\/\/obdravinji.si\/index.php?rest_route=\/wp\/v2\/pages"}],"about":[{"href":"https:\/\/obdravinji.si\/index.php?rest_route=\/wp\/v2\/types\/page"}],"author":[{"embeddable":true,"href":"https:\/\/obdravinji.si\/index.php?rest_route=\/wp\/v2\/users\/36039"}],"replies":[{"embeddable":true,"href":"https:\/\/obdravinji.si\/index.php?rest_route=%2Fwp%2Fv2%2Fcomments&post=4445"}],"version-history":[{"count":5,"href":"https:\/\/obdravinji.si\/index.php?rest_route=\/wp\/v2\/pages\/4445\/revisions"}],"predecessor-version":[{"id":4473,"href":"https:\/\/obdravinji.si\/index.php?rest_route=\/wp\/v2\/pages\/4445\/revisions\/4473"}],"wp:attachment":[{"href":"https:\/\/obdravinji.si\/index.php?rest_route=%2Fwp%2Fv2%2Fmedia&parent=4445"}],"curies":[{"name":"wp","href":"https:\/\/api.w.org\/{rel}","templated":true}]}}