{"id":287,"date":"2019-09-04T20:12:40","date_gmt":"2019-09-04T18:12:40","guid":{"rendered":"http:\/\/osobdravinji.splet.arnes.si\/?page_id=287"},"modified":"2023-12-22T17:51:15","modified_gmt":"2023-12-22T16:51:15","slug":"unescova-mreza-solskih-knjiznic","status":"publish","type":"page","link":"https:\/\/obdravinji.si\/?page_id=287","title":{"rendered":"Unescova mre\u017ea \u0161olskih knji\u017enic"},"content":{"rendered":"<p><img loading=\"lazy\" decoding=\"async\" class=\"alignnone size-full wp-image-531\" src=\"http:\/\/osobdravinji.splet.arnes.si\/files\/2019\/09\/unal-logo.gif\" alt=\"\" width=\"160\" height=\"160\" \/><\/p>\n<p>Mednarodni projekt Bo\u017ei\u010dno novoletne vo\u0161\u010dilnice je nastal kot sad sodelovanja treh mladinskih knji\u017eni\u010darjev v mre\u017ei pridru\u017eenih Uneskovih knji\u017enic UNAL. Prihajamo iz treh evropskih dr\u017eav. In sicer Adu Neemree iz Estonije, Helena Pekarovi\u010dova iz Slova\u0161ke in Primo\u017e\u00a0Krivec iz Slovenije. Smo predstavniki treh razli\u010dnih, vendar evropskih kultur, ki jih je vsako po svoje zaznamoval prostor in\u00a0\u010das, v katerem so se kalile. Vendar nas dru\u017ei enotna misel, da je v svetu treba delati dobro in\u00a0\u0161iriti meje na\u0161e duhovnosti, saj le tako lahko resni\u010dno obogatimo.<\/p>\n<p>V vo\u0161\u010dilnicah smo videli ne samo likovni izraz, ampak medosebni in medkulturni dialog, kulturo izra\u017eanja in uglajenega vedenja, hkrati smo za\u010dutili dobronamernost in osebno noto, ki jo vsak posameznik izrazi ob izrekanju\u00a0\u017eelja drugemu. Prav zato se nam zdijo posebne. Prav posebno iskreno se nam je zdelo otro\u0161ko videnje sveta, ki je dovolj neposredno in ob pravilnem vodenju (mentorstvu) skoraj umetni\u0161ko.<\/p>\n<p>Dobrih\u00a0\u017eelja nam ne izrekajo sovra\u017eniki, prav tako tudi vo\u0161\u010dilnic ne podarjamo katerikoli dan v letu in kar tako, ampak so osredoto\u010dene na bo\u017ei\u010dno novoletni in velikono\u010dni\u00a0\u010das. Nas je zanimal predvsem\u00a0\u010das adventa in prehoda starega v novo leto, ko ljudje drug drugemu\u00a0\u017eelimo dobro,\u00a0\u010de ne najbolj\u0161e.<\/p>\n<p>Slovar slovenskega knji\u017enega jezika opredeljuje vo\u0161\u010dilo kot izraz dobre volje ob praznikih. Vo\u0161\u010dilnico opredeljuje kot vizitko ali razglednico za pisanje vo\u0161\u010dil.<\/p>\n<p>Vo\u0161\u010dilnice so torej glasniki dobrih namenov, misli in\u00a0\u017eelja, ki jih v tem posebnem adventnem\u00a0\u010dasu\u00a0\u017eelimo drug drugemu. Na\u010din, kako to storimo, je po navadi zelo oseben, z mislijo na prejemnika vo\u0161\u010dila, zato ljudje uporabljajo razli\u010dne na\u010dine s katerimi lahko izrazijo svoje\u00a0\u017eelje in jih sporo\u010dijo drugim. Kar nekaj tak\u0161nih rezultatov ustvarjanja mladih ljudi je zbranih tukaj, na tej razstavi.<\/p>\n<p>Pa veliko u\u017eitkov vam\u00a0\u017eelim.<\/p>\n<p>Primo\u017e\u00a0Krivec<\/p>\n<p>Gradivo:\u00a0<a href=\"http:\/\/osobdravinji.splet.arnes.si\/files\/2019\/09\/Voscilnice.pdf\">Voscilnice<\/a>\u00a0in\u00a0<a href=\"http:\/\/osobdravinji.splet.arnes.si\/files\/2019\/09\/Voscila.pdf\">Voscila<\/a><\/p>\n<p>Gradivo:\u00a0<a href=\"https:\/\/picasaweb.google.com\/107618490051005583841\" target=\"_blank\" rel=\"noopener noreferrer\">ESTONSKE, SLOVENSKE IN SLOVA\u0160KE VO\u0160\u010cILNICE<\/a><\/p>\n<p>Gradivo: <a href=\"http:\/\/osobdravinji.splet.arnes.si\/files\/2019\/09\/Voscilnice2019.pdf\">Bo\u017ei\u010dne vo\u0161\u010dilnice 2019<\/a><\/p>\n<p>Gradivo: <a href=\"http:\/\/osobdravinji.splet.arnes.si\/files\/2020\/12\/Boz\u030cic\u030cno-novoletne-vos\u030cc\u030cilnice-2020.pdf\">Bo\u017ei\u010dno-novoletne vo\u0161\u010dilnice 2020<\/a><\/p>\n\n\n<p>Gradivo:\u00a0<a rel=\"noreferrer noopener\" href=\"https:\/\/photos.google.com\/share\/AF1QipNzVNJb0bJXSeqFvDTjqY1Ua5b6ULOWXJj6qo5V-EqY2o3kss7tzwN-iBzew6vvmw?key=cHBoUGpxOHF6c25sc3Z4dEppckdFalBaTW9neUF3\" target=\"_blank\">ESTONSKE<\/a> IN <a rel=\"noreferrer noopener\" href=\"https:\/\/photos.google.com\/share\/AF1QipPrInN5kwIyg5aLlwW80OepcYzRwLcGVYJY7EgyzrO_zCU1s9OZwRbeT3IzvsCvZA?key=NjRvT1Y2OExyOUh6blBJVDlUUHEzOFhETFZUdHRn\" target=\"_blank\">SLOVENSKE<\/a> VO\u0160\u010cILNICE 2020<\/p>\n\n\n\n<div class=\"wp-block-file\"><a id=\"wp-block-file--media-c4f7b1f3-40d8-4f7b-920b-16a07833a813\" href=\"https:\/\/obdravinji.si\/files\/2023\/12\/Vos\u030cc\u030cilnice.pdf\">Vo\u0161\u010dilnice 2023<\/a><a href=\"https:\/\/obdravinji.si\/files\/2023\/12\/Vos\u030cc\u030cilnice.pdf\" class=\"wp-block-file__button wp-element-button\" download aria-describedby=\"wp-block-file--media-c4f7b1f3-40d8-4f7b-920b-16a07833a813\">Prenos<\/a><\/div>\n","protected":false},"excerpt":{"rendered":"<p>Mednarodni projekt Bo\u017ei\u010dno novoletne vo\u0161\u010dilnice je nastal kot sad sodelovanja treh mladinskih knji\u017eni\u010darjev v mre\u017ei pridru\u017eenih Uneskovih knji\u017enic UNAL. Prihajamo iz treh evropskih dr\u017eav. In sicer Adu Neemree iz Estonije, Helena Pekarovi\u010dova iz Slova\u0161ke in Primo\u017e\u00a0Krivec iz Slovenije. Smo predstavniki treh razli\u010dnih, vendar evropskih kultur, ki jih je vsako po svoje zaznamoval prostor in\u00a0\u010das, v katerem so se kalile. Vendar nas dru\u017ei enotna misel, da je v svetu treba delati dobro in\u00a0\u0161iriti meje na\u0161e duhovnosti, saj le tako lahko resni\u010dno obogatimo. V vo\u0161\u010dilnicah smo videli ne samo likovni izraz, ampak medosebni in medkulturni dialog, kulturo izra\u017eanja in uglajenega vedenja, hkrati [&hellip;]<\/p>\n","protected":false},"author":34631,"featured_media":0,"parent":0,"menu_order":0,"comment_status":"closed","ping_status":"closed","template":"","meta":{"footnotes":""},"class_list":["post-287","page","type-page","status-publish","hentry"],"_links":{"self":[{"href":"https:\/\/obdravinji.si\/index.php?rest_route=\/wp\/v2\/pages\/287","targetHints":{"allow":["GET"]}}],"collection":[{"href":"https:\/\/obdravinji.si\/index.php?rest_route=\/wp\/v2\/pages"}],"about":[{"href":"https:\/\/obdravinji.si\/index.php?rest_route=\/wp\/v2\/types\/page"}],"author":[{"embeddable":true,"href":"https:\/\/obdravinji.si\/index.php?rest_route=\/wp\/v2\/users\/34631"}],"replies":[{"embeddable":true,"href":"https:\/\/obdravinji.si\/index.php?rest_route=%2Fwp%2Fv2%2Fcomments&post=287"}],"version-history":[{"count":8,"href":"https:\/\/obdravinji.si\/index.php?rest_route=\/wp\/v2\/pages\/287\/revisions"}],"predecessor-version":[{"id":10879,"href":"https:\/\/obdravinji.si\/index.php?rest_route=\/wp\/v2\/pages\/287\/revisions\/10879"}],"wp:attachment":[{"href":"https:\/\/obdravinji.si\/index.php?rest_route=%2Fwp%2Fv2%2Fmedia&parent=287"}],"curies":[{"name":"wp","href":"https:\/\/api.w.org\/{rel}","templated":true}]}}