{"id":189,"date":"2019-09-04T20:06:57","date_gmt":"2019-09-04T18:06:57","guid":{"rendered":"http:\/\/osobdravinji.splet.arnes.si\/?page_id=189"},"modified":"2023-10-12T10:59:38","modified_gmt":"2023-10-12T08:59:38","slug":"varstvo-vozacev","status":"publish","type":"page","link":"https:\/\/obdravinji.si\/?page_id=189","title":{"rendered":"Varstvo voza\u010dev"},"content":{"rendered":"<h2 class=\"art-postheader\"><span class=\"art-postheadericon\">Varstvo voza\u010dev in jutranje varstvo<\/span><\/h2>\n<div class=\"art-postcontent clearfix\">\n<div class=\"art-article\">\n<p>U\u010denci prvih razredov devetletne osnovne \u0161ole imajo organizirano jutranje varstvo od 6.00 do 8.15.<\/p>\n<p>Za u\u010dence, ki se vozijo, je organizirano varstvo voza\u010dev od 7.00 do 8.15 ter od 12.45 do pri\u010detka odhodov avtobusov (do 13.50). V tem \u010dasu je poskrbljeno za varnost vklju\u010denih u\u010dencev. Varstvo je obvezno za vse voza\u010de razen v primeru, ko star\u0161i pisno potrdijo, da njihov otrok ne bo vklju\u010den v varstvo.<\/p>\n<\/div>\n<\/div>\n\n\n<figure class=\"wp-block-table is-style-stripes\"><table class=\"has-luminous-vivid-amber-to-luminous-vivid-orange-gradient-background has-background\"><tbody><tr><td><strong>&nbsp;<\/strong> <strong>RAZRED<\/strong> <strong>&nbsp;<\/strong><\/td><td><strong>\u010cAS<\/strong><\/td><td><strong>U\u010cITELJ<\/strong><\/td><\/tr><tr><td><strong>I. triletje<\/strong><\/td><td>7.00\u20138.15<\/td><td>Angelca Mlakar, Ur\u0161ka Groleger, Milena Strm\u0161ek, Ur\u0161a Sovi\u010d, Romana Pokorn (tedenski razpored u\u010diteljic) &nbsp;<\/td><\/tr><tr><td><strong>II. in III. triletje<\/strong><\/td><td>7.00\u20138.15<\/td><td>De\u017eurni u\u010ditelji v avli &nbsp;<\/td><\/tr><tr><td><strong>Tepanje<\/strong><\/td><td>7.00\u20138.15<\/td><td>&nbsp; Anja Ramot u\u010diteljice po razporedu de\u017eurstva &nbsp;<\/td><\/tr><tr><td><strong>II. + III. triletje<\/strong> <strong>POPOLDAN<\/strong><\/td><td>12.45\u201313.45<\/td><td>Primo\u017e Krivec, Katja Holobar<\/td><\/tr><\/tbody><\/table><\/figure>\n","protected":false},"excerpt":{"rendered":"<p>Varstvo voza\u010dev in jutranje varstvo U\u010denci prvih razredov devetletne osnovne \u0161ole imajo organizirano jutranje varstvo od 6.00 do 8.15. Za u\u010dence, ki se vozijo, je organizirano varstvo voza\u010dev od 7.00 do 8.15 ter od 12.45 do pri\u010detka odhodov avtobusov (do 13.50). V tem \u010dasu je poskrbljeno za varnost vklju\u010denih u\u010dencev. Varstvo je obvezno za vse voza\u010de razen v primeru, ko star\u0161i pisno potrdijo, da njihov otrok ne bo vklju\u010den v varstvo. &nbsp; RAZRED &nbsp; \u010cAS U\u010cITELJ I. triletje 7.00\u20138.15 Angelca Mlakar, Ur\u0161ka Groleger, Milena Strm\u0161ek, Ur\u0161a Sovi\u010d, Romana Pokorn (tedenski razpored u\u010diteljic) &nbsp; II. in III. triletje 7.00\u20138.15 De\u017eurni u\u010ditelji [&hellip;]<\/p>\n","protected":false},"author":34631,"featured_media":0,"parent":0,"menu_order":0,"comment_status":"closed","ping_status":"closed","template":"","meta":{"footnotes":""},"class_list":["post-189","page","type-page","status-publish","hentry"],"_links":{"self":[{"href":"https:\/\/obdravinji.si\/index.php?rest_route=\/wp\/v2\/pages\/189","targetHints":{"allow":["GET"]}}],"collection":[{"href":"https:\/\/obdravinji.si\/index.php?rest_route=\/wp\/v2\/pages"}],"about":[{"href":"https:\/\/obdravinji.si\/index.php?rest_route=\/wp\/v2\/types\/page"}],"author":[{"embeddable":true,"href":"https:\/\/obdravinji.si\/index.php?rest_route=\/wp\/v2\/users\/34631"}],"replies":[{"embeddable":true,"href":"https:\/\/obdravinji.si\/index.php?rest_route=%2Fwp%2Fv2%2Fcomments&post=189"}],"version-history":[{"count":7,"href":"https:\/\/obdravinji.si\/index.php?rest_route=\/wp\/v2\/pages\/189\/revisions"}],"predecessor-version":[{"id":10225,"href":"https:\/\/obdravinji.si\/index.php?rest_route=\/wp\/v2\/pages\/189\/revisions\/10225"}],"wp:attachment":[{"href":"https:\/\/obdravinji.si\/index.php?rest_route=%2Fwp%2Fv2%2Fmedia&parent=189"}],"curies":[{"name":"wp","href":"https:\/\/api.w.org\/{rel}","templated":true}]}}