{"id":10820,"date":"2023-12-18T08:34:41","date_gmt":"2023-12-18T07:34:41","guid":{"rendered":"https:\/\/osobdravinji.splet.arnes.si\/?page_id=10820"},"modified":"2024-02-05T08:59:30","modified_gmt":"2024-02-05T07:59:30","slug":"razvoj-digitalnih-kompetenc-i-sola","status":"publish","type":"page","link":"https:\/\/obdravinji.si\/?page_id=10820","title":{"rendered":"Razvoj digitalnih kompetenc (i-\u0161ola)"},"content":{"rendered":"\n<p class=\"has-vivid-red-color has-text-color has-medium-font-size\">\u00bbRAZVOJ DIGITALNIH KOMPETENC V PODPORO U\u010cENJU IN \u017dIVLJENJU\u00ab<\/p>\n\n\n\n<p>Naro\u010dnik: MINISTRSTVO ZA VZGOJO IN IZOBRA\u017dEVANJE<\/p>\n\n\n\n<p>Financira Evropska unija iz NA\u010cRTA ZA OKREVANJE IN ODPORNOST<\/p>\n\n\n\n<p>Vodja konzorcija: &nbsp;OSNOVNA \u0160OLA HAJDINA<\/p>\n\n\n\n<p>Razvojni partnerji: O\u0160 HAJDINA, O\u0160 PODLEHNIK, O\u0160 JUR\u0160INCI, GIMNAZIJA MURSKA SOBOTA<\/p>\n\n\n\n<p>Koordinacijski partner: ZRS BISTRA PTUJ<\/p>\n\n\n\n<p>Evalvacijska partnerja: Fakulteta za naravoslovje in matematiko Mb, Filozofska fakulteta Mb<\/p>\n\n\n\n<p>Zunanji partnerji: A1 Slovenija, Intera, Inovatio<\/p>\n\n\n\n<p>Sodelujo\u010di VIZ: O\u0160 Hajdina, O\u0160 Podlehnik, O\u0160 Jur\u0161inci, Gimnazija Murska Sobota, O\u0160 Breg Ptuj, O\u0160 Cirkovce, O\u0160 dr. Ljudevita Pivka Ptuj, O\u0160 Markovci, O\u0160 dr. Franja \u017dge\u010da Dornava, O\u0160 Olge Megli\u010d Ptuj, O\u0160 Mladika Ptuj, O\u0160 Ljudski vrt Ptuj, O\u0160 Sv. Jurij ob \u0160\u010davnici, O\u0160 Gri\u017ee, O\u0160 Pohorskega odreda Sl. Bistrica, O\u0160 Lo\u010de, O\u0160 Ob Dravinji, O\u0160 Kidri\u010devo, O\u0160 Videm, O\u0160 \u017detale, O\u0160 Cirkulane-Zavr\u010d.<\/p>\n\n\n\n<p>\u010clani razvojnega tima v O\u0160 OB DRAVINJI: mag. Nevenka Brdnik, Mihael Stampfer, Robert Zrnec, Angelca Mlakar, Tina Buri\u010d<\/p>\n\n\n\n<p>Projekt I-\u0160OLA je triletni projekt in ima dve prednostni nalogi. Prva naloga projekta je \u0161iriti digitalne kompetence v celotnem vzgojno-izobra\u017eevalnem sistemu Osnovne \u0161ole Ob Dravinji in druga je priprava Digitalne strategije za prihodnost.<\/p>\n\n\n\n<p>Ostali cilji projekta so:<\/p>\n\n\n\n<ul class=\"wp-block-list\">\n<li>Preizku\u0161anje in implementacija didakti\u010dnih pristopov in pedago\u0161kih strategij celovitega razvoja digitalnih kompetenc<\/li>\n\n\n\n<li>Usposabljanja in izobra\u017eevanja ter vzpostavitev podpornega &nbsp;spletnega okolja za u\u010dinkovito rabo digitalnih tehnologij v VIZ<\/li>\n\n\n\n<li>Izdelava u\u010dnih scenarijev, priprava interaktivnih u\u010dnih na\u010drtov ter objava ostalih digitalnih gradiv ter primerov dobre rabe<\/li>\n\n\n\n<li>Vzpostavitev u\u010de\u010dih se skupnosti, prenos znanj in \u0161irjenje digitalne kompetentnosti.<\/li>\n<\/ul>\n\n\n\n<p>Trajanje projekta: 11. november 2023 \u2013 30. junij 2026<\/p>\n\n\n\n<p>Spletna stran:&nbsp;<a href=\"http:\/\/www.i-sola.si\/\">www.i-sola.si<\/a><\/p>\n\n\n\n<figure class=\"wp-block-image size-large\"><img loading=\"lazy\" decoding=\"async\" width=\"724\" height=\"1024\" src=\"https:\/\/obdravinji.si\/files\/2023\/12\/PLAKAT-A3-I-SOLA-724x1024.jpg\" alt=\"\" class=\"wp-image-10821\" srcset=\"https:\/\/obdravinji.si\/files\/2023\/12\/PLAKAT-A3-I-SOLA-724x1024.jpg 724w, https:\/\/obdravinji.si\/files\/2023\/12\/PLAKAT-A3-I-SOLA-212x300.jpg 212w, https:\/\/obdravinji.si\/files\/2023\/12\/PLAKAT-A3-I-SOLA-768x1086.jpg 768w, https:\/\/obdravinji.si\/files\/2023\/12\/PLAKAT-A3-I-SOLA-1086x1536.jpg 1086w, https:\/\/obdravinji.si\/files\/2023\/12\/PLAKAT-A3-I-SOLA-1448x2048.jpg 1448w, https:\/\/obdravinji.si\/files\/2023\/12\/PLAKAT-A3-I-SOLA-947x1340.jpg 947w, https:\/\/obdravinji.si\/files\/2023\/12\/PLAKAT-A3-I-SOLA-624x883.jpg 624w, https:\/\/obdravinji.si\/files\/2023\/12\/PLAKAT-A3-I-SOLA.jpg 1587w\" sizes=\"auto, (max-width: 724px) 100vw, 724px\" \/><\/figure>\n\n\n\n<figure class=\"wp-block-image size-large\"><img loading=\"lazy\" decoding=\"async\" width=\"724\" height=\"1024\" src=\"https:\/\/obdravinji.si\/files\/2023\/12\/I-SOLA-letak-724x1024.jpg\" alt=\"\" class=\"wp-image-10822\" srcset=\"https:\/\/obdravinji.si\/files\/2023\/12\/I-SOLA-letak-724x1024.jpg 724w, https:\/\/obdravinji.si\/files\/2023\/12\/I-SOLA-letak-212x300.jpg 212w, https:\/\/obdravinji.si\/files\/2023\/12\/I-SOLA-letak-768x1086.jpg 768w, https:\/\/obdravinji.si\/files\/2023\/12\/I-SOLA-letak-1086x1536.jpg 1086w, https:\/\/obdravinji.si\/files\/2023\/12\/I-SOLA-letak-1448x2048.jpg 1448w, https:\/\/obdravinji.si\/files\/2023\/12\/I-SOLA-letak-947x1340.jpg 947w, https:\/\/obdravinji.si\/files\/2023\/12\/I-SOLA-letak-624x883.jpg 624w, https:\/\/obdravinji.si\/files\/2023\/12\/I-SOLA-letak.jpg 1587w\" sizes=\"auto, (max-width: 724px) 100vw, 724px\" \/><\/figure>\n","protected":false},"excerpt":{"rendered":"<p>\u00bbRAZVOJ DIGITALNIH KOMPETENC V PODPORO U\u010cENJU IN \u017dIVLJENJU\u00ab Naro\u010dnik: MINISTRSTVO ZA VZGOJO IN IZOBRA\u017dEVANJE Financira Evropska unija iz NA\u010cRTA ZA OKREVANJE IN ODPORNOST Vodja konzorcija: &nbsp;OSNOVNA \u0160OLA HAJDINA Razvojni partnerji: O\u0160 HAJDINA, O\u0160 PODLEHNIK, O\u0160 JUR\u0160INCI, GIMNAZIJA MURSKA SOBOTA Koordinacijski partner: ZRS BISTRA PTUJ Evalvacijska partnerja: Fakulteta za naravoslovje in matematiko Mb, Filozofska fakulteta Mb Zunanji partnerji: A1 Slovenija, Intera, Inovatio Sodelujo\u010di VIZ: O\u0160 Hajdina, O\u0160 Podlehnik, O\u0160 Jur\u0161inci, Gimnazija Murska Sobota, O\u0160 Breg Ptuj, O\u0160 Cirkovce, O\u0160 dr. Ljudevita Pivka Ptuj, O\u0160 Markovci, O\u0160 dr. Franja \u017dge\u010da Dornava, O\u0160 Olge Megli\u010d Ptuj, O\u0160 Mladika Ptuj, O\u0160 Ljudski vrt Ptuj, [&hellip;]<\/p>\n","protected":false},"author":35617,"featured_media":0,"parent":0,"menu_order":0,"comment_status":"closed","ping_status":"closed","template":"","meta":{"footnotes":""},"class_list":["post-10820","page","type-page","status-publish","hentry"],"_links":{"self":[{"href":"https:\/\/obdravinji.si\/index.php?rest_route=\/wp\/v2\/pages\/10820","targetHints":{"allow":["GET"]}}],"collection":[{"href":"https:\/\/obdravinji.si\/index.php?rest_route=\/wp\/v2\/pages"}],"about":[{"href":"https:\/\/obdravinji.si\/index.php?rest_route=\/wp\/v2\/types\/page"}],"author":[{"embeddable":true,"href":"https:\/\/obdravinji.si\/index.php?rest_route=\/wp\/v2\/users\/35617"}],"replies":[{"embeddable":true,"href":"https:\/\/obdravinji.si\/index.php?rest_route=%2Fwp%2Fv2%2Fcomments&post=10820"}],"version-history":[{"count":2,"href":"https:\/\/obdravinji.si\/index.php?rest_route=\/wp\/v2\/pages\/10820\/revisions"}],"predecessor-version":[{"id":10973,"href":"https:\/\/obdravinji.si\/index.php?rest_route=\/wp\/v2\/pages\/10820\/revisions\/10973"}],"wp:attachment":[{"href":"https:\/\/obdravinji.si\/index.php?rest_route=%2Fwp%2Fv2%2Fmedia&parent=10820"}],"curies":[{"name":"wp","href":"https:\/\/api.w.org\/{rel}","templated":true}]}}